) = -5*g(x) + y(x). Suppose -363*v - 16 = -359*v. Let p be k(v). Let i(u) = -15*u**2 - u - 1. Give i(p).
-15
Let c(s) = -38 - 35 + 68 + 5*s. Let n be (2 - 6 - 1) + -2. Calculate c(n).
-40
Let h be (-30)/(-4)*(2 - (-180)/50). Let z be (-20)/6 - 28/h. Let i(m) = 3*m**3 - 4*m**2 + 3*m**3 + 2*m - 7*m**3 - 1. Calculate i(z).
-9
Let s(x) be the third derivative of x**4/24 - 19*x**3/2 - 1821*x**2. Give s(57).
0
Suppose 2*v = -2*a + 102, 4*v + 132 = -4*a + 6*a. Let x(w) = 0*w - a*w + 55*w. Calculate x(-4).
4
Let o(w) be the second derivative of -46*w + 1/3*w**3 + 1/2*w**2 - 1/4*w**4 + 1. What is o(-1)?
-4
Let d(g) = -3*g**2 - 32*g - 55. Let j be d(-2). Let q(f) = 5*f**2 + 7. What is q(j)?
52
Let g(i) = 2*i + 10. Let b be (-131)/(-7) - 10/(-35). Suppose -b + 46 = -3*w. Let v be (-2)/w - (1625/45)/5. Calculate g(v).
-4
Suppose -4*a = k - 8, -k - a = k + 5. Let t be 12/(-10)*40/(-12). Let m(l) = -5*l**2 - 5*l + 2*l + t + 4*l**2 + l. What is m(k)?
-4
Let z = -406295 - -406292. Let r(i) = 7 + 7 - 2 + 6*i. Calculate r(z).
-6
Let n(l) = l**3 + 8*l**2 + 3*l + 4. Let i be n(-8). Let v(u) = -4*u - 80. Let x be v(i). Let t(f) = -2*f + 8. Calculate t(x).
8
Let d(t) = -3*t + 3. Suppose -7*y - 10*y + 34 = 0. Let n(j) = 2*j - 1. Let o(l) = y*n(l) + d(l). Give o(-3).
-2
Suppose 9*w = 39 - 147. Let b = -14 - w. Let g(n) = n**3 + 3*n**2 - n - 3. Determine g(b).
3
Let o(s) = 2*s - 70*s**2 + 4*s + 13*s + 68*s**2 + 45 - 2*s. Determine o(14).
-109
Let q(l) = 16*l - 35. Let v be (-31 + 3)*(2 + (-9)/4) - 4. Give q(v).
13
Let b(q) = -q**2 - 3*q - 3. Let g be (-15)/(-10) - (-3)/(-6). Let r(n) = -2*n**2 - 2*n + 2. Let u be r(g). Give b(u).
-1
Suppose -8*g = -98 + 58. Suppose -3*k = 2*k + 25. Let x be (2/k)/(g/(-25)). Let f(c) = 3*c**3 - 3*c**2 + 3*c - 1. What is f(x)?
17
Let z(h) = 330*h**2 + 290*h + 8 - 324*h**2 - 297*h. Calculate z(2).
18
Let v be ((-2)/(-4))/((-47)/16 - -3). Let o(n) = -4 - v + 132*n - 122*n. Let k(r) = 15*r - 18. Let q(x) = 5*k(x) - 7*o(x). Calculate q(4).
14
Let s(b) = b**3 + 2*b**2 - 4*b - 1. Let k be s(-3). Let u(g) = 2*g**3 + 0*g**3 - 2*g - 1 - 103*g**2 - 100*g**2 + 302*g**2 - g**3 - 100*g**2. Give u(k).
-1
Suppose -5*u + 9 + 11 = 5*d, 3*d + 6 = 3*u. Suppose -3*f + 6 = -u*s, 6*f - 2*f - 8 = -3*s. Let y(l) = 2*l**3 - l**2 - l - 1. Give y(f).
9
Let s(u) = -3*u**2 - 21*u - 21. Let w(m) = -m**3 - 10*m**2 + 27*m + 269. Let x be w(-10). Give s(x).
-3
Let j(a) = 20308*a - 40614*a + 20307*a + 28. Determine j(-11).
17
Let a(m) = -m**2 + 0 + 155167*m - 155176*m + 5. Let c = -21 + 12. Let v be a(c). Let o(r) = -r**2 + 2*r - 1. Give o(v).
-16
Let b(s) = s**2 + 5*s + 1. Suppose 4*h - 16 = -p, 5*h - 8 + 3 = -5*p. Suppose 0 = 5*q - 5*w + 55, 5*q = -5*w - h - 0. Determine b(q).
7
Let p(x) = 23*x - 5. Suppose -8*t = 23*t + 217. What is p(t)?
-166
Let t be 0 + (4 + -3)*4. Let l(m) be the third derivative of 1/4*m**4 + 2*m**2 + 0*m - 1/6*m**3 - 1/60*m**5 - 6. What is l(t)?
7
Let d(q) be the third derivative of -q**5/30 + 43*q**4/24 + 34*q**3/3 - 3786*q**2. Calculate d(23).
-1
Let s be (-4)/34 - (-121)/17. Let i(n) = n**3 - 7*n**2 + 12*n - 5. What is i(s)?
79
Let l(t) = 8*t**2 - 1022*t + 759. Let m be l(127). Let n(c) = c**3 + 3*c**2 - 9*c - 29. Give n(m).
-2
Suppose 27*s + 864 = 33*s. Let u(d) = 73*d + 8*d**2 + 79*d - 2 + d**3 - s*d - 2*d**3. What is u(9)?
-11
Suppose 2*n - 13*i = -14*i + 18, 0 = n - 3*i + 12. Let d(a) = -2*a**3 + 10*a**2 - 11*a + 20. Give d(n).
-118
Let m(n) = -n**3 - n**2 + 10*n + 11. Let x be m(-2). Let c(f) = f**3 + 2*f**2 + f - 2. Give c(x).
-82
Let s = -9 - -3. Let t(r) be the first derivative of -r**6/360 - 7*r**5/120 - r**3/3 + 8. Let c(x) be the third derivative of t(x). What is c(s)?
6
Let w(z) = -z**3 - 8*z**2 + 34*z + 16. Let n = 1713 + -1724. What is w(n)?
5
Let y(o) be the second derivative of -o**4/12 + 2*o**3/3 + 3*o**2/2 + o. Suppose 19 = 5*j - z, -3702*z = -2*j - 3698*z - 14. Give y(j).
-2
Let k(v) = 16 - 2*v - 7 - 56 + 2*v + 9*v. Determine k(3).
-20
Let q(x) = -11 + 16819*x + 0 - x**3 - 16823*x + 9*x**2. Determine q(8).
21
Let f(n) = 5*n + 79. Suppose -69*j + 78*j + 2192 = -128*j. Determine f(j).
-1
Let v(i) = -2*i**2 - 4 - 2212*i - 2219*i + 6620*i - 2206*i. Determine v(-7).
17
Let c(j) = -20*j**2 - 5*j - 6. Let s(r) = -47*r**2 - 9*r - 12. Let g(w) = 7*c(w) - 3*s(w). Suppose -x + 36 = 2*x + 4*m, 2*x = -5*m + 31. Give g(x).
-6
Suppose v + 33 = -2*v + 5*r, -4*v - 15 = 3*r. Let o be ((-1)/(-4)*-2)/(v/96). Let u(f) = -f + 8. Determine u(o).
0
Suppose -d + 31 - 13 = -13. Let a(g) be the third derivative of -1/6*g**4 + g**3 + 0 + 0*g + d*g**2. Give a(-5).
26
Let k(m) = 131*m**2 + 18 - m - 38 + 179*m**2 - 309*m**2 + 0*m + 15. Suppose 5 = -2*z - 3*z. Let q = z - -1. Calculate k(q).
-5
Let o(f) = f**3 + 5*f**2 - 8*f - 7. Let k = -19 + 62. Let q = k - 36. Let b(z) = 3*z**3 + 16*z**2 - 25*z - 22. Let v(d) = q*o(d) - 2*b(d). Give v(-4).
3
Let a = 52878 + -52884. Let p(f) = -f + 5 - 1 + 2*f + 1. Calculate p(a).
-1
Suppose -3*v = -31*h + 76, 10*v + 40 = 6*v - 20. Let w(b) = 2*b**2 - 4*b**3 - 6*b**3 - b + 4*b**3. Determine w(h).
-5
Let t(b) be the second derivative of 1/2*b**2 - 1/12*b**4 + 0 - 1/3*b**3 - b. Let k be (40 - 36)*(-10)/8*(-12)/(-30). Determine t(k).
1
Let m(w) = -9*w - 30. Let v(s) = -s**2 - 49*s - 552. Let n be v(-17). Calculate m(n).
42
Let k(j) = -62 - 24 + 2953*j - 2941*j. Calculate k(7).
-2
Let w be ((-30)/12)/((-1)/4*2). Suppose 3*s - 49 = 5*c, 88 = w*s - 4*c + 28. Let f(u) = -u + 5. Calculate f(s).
-3
Let m = 20515 - 20515. Let s(y) be the second derivative of m - 1/6*y**3 + 40*y - 5/2*y**2. Calculate s(-4).
-1
Let q(n) be the second derivative of n**4/12 + 7*n**3/6 - 11*n**2 - 895*n + 2. Give q(2).
-4
Let v(l) = -l**2 - 8*l + 44. Suppose 21*g + 10*g = 631 - 972. Calculate v(g).
11
Let x be (-6)/(-10)*(-1175)/141. Let f(o) = 7*o**2 + 4*o + 13. Let a(s) = -8*s**2 - 3*s - 14. Let k(m) = -6*a(m) - 7*f(m). What is k(x)?
18
Let l(r) = -5*r**2 + 2*r**2 - 8*r**2 + 17*r + 10*r**2 + 43 + 0*r**2. Calculate l(19).
5
Let z(n) be the second derivative of n**3/6 - 13*n + 2. Let o(i) = -15 + 16*i**2 - 2*i + 2*i + i**3 - i. Let f be o(-16). What is z(f)?
1
Let u(l) = -l**2 - 6*l - 5. Suppose -70*x = -74*x - 1012. Let i = x - -248. Give u(i).
0
Let f(h) = -5*h**2 + 4*h - 3. Let j be 1*(0 - (-24)/(14 - 6)). Give f(j).
-36
Suppose 41*b - 246 = 40*b. Let q(t) = -b*t**2 - 20*t + t**3 - 3 + 13*t + 250*t**2. Give q(-5).
7
Suppose -2*l + 2*c - 10 = 0, -c - 5 = -3*l + 4*l. Let q(b) = 6*b**2 - b + 3. Let n(y) = 5*y**2 + y + 3. Let p(r) = 5*n(r) - 4*q(r). What is p(l)?
-17
Suppose -6 = -2*p + 2. Let r(m) = m**3 - 3*m**2 - 2*m - 2. Let x be r(p). Let u(q) = -q + 0*q - 2*q**2 + 3*q**2 - 8*q + 5. What is u(x)?
-13
Let g(v) = v**2 - 2*v - 24. Let u be g(9). Suppose 0 = -x + 42 - u. Let s(f) = f**3 - 4*f**2 + 2*f. Determine s(x).
-3
Let b = -24442 + 24440. Let n(q) = -15*q - 27. Give n(b).
3
Let z(g) = -g**2 - 294*g + 1194. Let w be z(4). Let k(s) = -3*s**2 + s + 2. Give k(w).
-8
Let d(o) be the second derivative of 1/60*o**5 + 7/6*o**3 - 1/3*o**4 - 15/2*o**2 + 0 + 17*o. Let h(u) be the first derivative of d(u). Give h(6).
-5
Let y(m) = 36*m + 5. Suppose 8*o = -0*o + 28*o - 40. What is y(o)?
77
Let f(w) = -w**3 + 7*w**2 + 71*w + 9. Let l be f(12). Suppose -35*p - l = -1. Let k(s) = -6*s + 5. Determine k(p).
29
Let w be -1 + 202/18 - (-4)/(-18). Let d(k) = -w - 7*k + 0*k**2 + k + k**2 + 9*k. Determine d(-5).
0
Let w(d) = 6*d**2. Let u(s) = -29*s**2 - 7*s - 1. Let j(r) = -u(r) - 5*w(r). Give j(6).
7
Let l(s) = s**3 - 4*s**2 - 10*s + 7. Suppose -3*y + 13 = -x - 66, 4*y + 2*x = 102. Suppose 10 = 5*o + 5*f - 40, 0 = o + 5*f - y. Determine l(o).
19
Let o(l) = 39*l - 2*l**2 - 62*l + 5 + 15*l. What is o(-6)?
-19
Let s(a) be the third derivative of a**5/120 - a**4/24 - 13*a**3/2 + 20*a**2. Let z(j) be the first derivative of s(j). Determine z(8).
7
Suppose -14*q + 17*q - 12 = 0. Suppose -r + 1 + 0 = -o, 0 = -4*o - q*r - 12. Let g be (-1 - -2) + -2 + (-6)/o. Let c(i) = i**3 + 3*i**2 - 3*i. Calculate c(g).
14
Let m(n) = n**3 + 9*n**2 + 7*n. Let g = 234 - 191. Suppose -2*y - 2*i - 26 = -6, -5*i = 4*y + g. Calculate m(y).
49
Let a(v) = -2*v**2 - 41*v + 222. Let g = -22041 + 22016. Give a(g).
-3
Let h(u) = -115*u + 38*u + 8 + 30*u + 44*u. Suppose 5 + 13 = 3*f. Calculate 